 s + -10. Let y = u - -2. What is the tens digit of y?
2
Let h be (-6)/3*1 + -17. Let a = -31 - h. What is the units digit of 3 - 3/(9/a)?
7
Let m be (14*(-2)/(-1))/1. Suppose 4*f - 5*k = m + 36, f - 9 = 3*k. What is the units digit of f?
1
Suppose -5 = -4*c + 3. Suppose 0*u - 3*r - 62 = -c*u, 5*r = 5*u - 165. What is the units digit of u?
7
Let y be (-3)/(15/(-5)) - -43. Let h be (-418)/y - 2/4. What is the units digit of (-9)/6 + (-685)/h?
7
Let r(o) be the first derivative of -2*o**2 - 9 + 4*o**2 - o**2 + 3*o. What is the tens digit of r(9)?
2
What is the hundreds digit of (149/(-2))/((-90)/(-24) - 4)?
2
Let m = 1989 + 1127. What is the thousands digit of m?
3
What is the hundreds digit of 1/2 + (34425/(-6))/(-9)?
6
Let y = -5 - -8. Suppose -4*l = -2*x + l + 14, 0 = 3*x - y*l - 12. Suppose x*i - i = 8. What is the units digit of i?
8
Let q(n) = 2*n**2 - 4*n - 1. Let s be q(3). Suppose -s*d - 8 = -2*r + 18, 0 = -5*d - 5*r - 5. Let i(x) = x + 5. What is the units digit of i(d)?
1
Let c(k) = -3*k**2 - 8*k - 9. Let s be c(-6). What is the tens digit of (-2 - s) + (-1)/1?
6
Suppose -3*x = 4*j - 8*x - 10747, -5*x + 13445 = 5*j. What is the hundreds digit of j?
6
Suppose -136*o + 50 = -135*o. Suppose 36 = 56*a - o*a. What is the units digit of a?
6
Let b(u) = -2*u**3 - 3*u + 2. Let a be b(2). Let r = 31 + a. Suppose 6 = x - r. What is the units digit of x?
7
Let r(w) = w**3 + 2*w**2 - 11*w + 10. Let y be r(7). Suppose -28*n + y = -26*n. What is the hundreds digit of n?
1
Let q(c) = 77*c**2 - 4*c - 3. Let i = -7 - -6. What is the tens digit of q(i)?
7
Suppose m - 4*j - 13 = 0, -2*m - 2*m + 2*j - 18 = 0. Let y(t) = -3*t + 4. What is the units digit of y(m)?
5
Suppose 0 = n - 5, -118 = 4*b - 5*n - 37. Let t = 7 - 27. What is the units digit of (b/4 - -3)*t?
0
Let h(n) be the second derivative of n**5/10 - 5*n**4/12 + n**3/3 + 3*n**2/2 + n. Let s(p) = -17*p - 65. Let x be s(-4). What is the units digit of h(x)?
8
Let x = -224 - -392. What is the units digit of x?
8
Let t(j) = 30*j**2 + 13*j - 3. What is the hundreds digit of t(8)?
0
Let v(c) = 3*c**2 - 3*c + 29. Let a = 67 + -58. What is the units digit of v(a)?
5
Let z(t) be the first derivative of 3*t**2/2 + 15*t - 483. Let v be 1/(-1 - 30/(-28)). What is the units digit of z(v)?
7
Let g = 8 + -13. Let m = -5 - g. Suppose -3*b + 0*b = 5*p - 120, -p + 3*b + 6 = m. What is the units digit of p?
1
Let b(r) = -r**3 + 2*r**2 - 1. Let o be b(-1). Let j = 19 - 6. Suppose 0 = -o*z + j + 11. What is the tens digit of z?
1
Let b be (-6)/(-3) + -1*1. Let y be ((-3)/9)/(b/(-105)). Suppose -110 = -3*g - y. What is the tens digit of g?
2
What is the units digit of (97 + -90)*(1550/14 + -1)?
8
Let q(t) = t**3 - 5*t**2 + 5*t - 4. Let v = -6 - -10. Let b be q(v). Suppose -c = -b*r - r + 28, 3*r + 4*c = 63. What is the tens digit of r?
2
Suppose 0 = 5*j - 2*u - 8437, j + 2*u - 5059 = -2*j. What is the hundreds digit of j?
6
Let i(d) = -d**3 - 5*d**2 + 7*d + 2. Let j be i(-6). What is the tens digit of (-1166)/33*6/j?
5
Suppose 15 = 3*t, -h + 2948 = -t + 498. What is the thousands digit of h?
2
Let a = -943 + 2169. What is the units digit of a?
6
Let q = 110 + -106. Suppose 4*j - 370 = -2*v, -q*v + 752 = 8*j - 3*j. What is the tens digit of v?
9
Let t = -3 + -9. Let l(w) = w**3 + 13*w**2 + 9*w - 16. Let g be l(t). Suppose 2*f - g = -2. What is the units digit of f?
9
Let u = 76 + -132. Let a = 17 + -52. Let h = a - u. What is the tens digit of h?
2
Suppose -5*g - 4*h + 1317 = 0, h + 277 - 19 = g. What is the hundreds digit of g?
2
Let h(m) = -m**2 + m + 1. Let n(v) be the third derivative of v**5/12 - v**4/8 - v**3/3 + 2*v**2. Let u(d) = 3*h(d) + n(d). What is the units digit of u(3)?
9
Let b = 959 - 709. What is the hundreds digit of b?
2
Let u(p) = -p**2 + 19*p + 25. Let z be u(-10). What is the tens digit of (z/10 + 2)*-4?
9
What is the hundreds digit of ((-15)/(-10))/(1359/452 + -3)?
2
Let c(k) = -187*k**3 + 10*k**2 + 16*k + 7. What is the hundreds digit of c(-2)?
5
Let u(f) = 3*f - 19. Let l be u(11). Suppose -7*z + l = -6*z. What is the tens digit of z?
1
Suppose 8*v = -10*v + 1926. Let f = 139 + v. What is the hundreds digit of f?
2
Let v(w) = w**2 - 11*w + 31. Let c be v(5). What is the tens digit of (c - 5)/(-8)*0 + 59?
5
Let j(v) = -v + 2. Let w be j(-3). Let o = 130 - 73. Suppose -w*x + 53 = 2*c, 4*c - 4*x = o + 7. What is the units digit of c?
9
Suppose -i - 3640 = -5*l, 3*l + 5*i = 3*i + 2197. What is the hundreds digit of l?
7
Let j(k) = 12*k**2 - 22*k - 106. What is the units digit of j(-15)?
4
Suppose 0 = -5*b + 18*b - 8359. What is the tens digit of b?
4
Suppose 3048*o + 39910 = 3061*o. What is the hundreds digit of o?
0
Let h = 4627 + -2551. What is the tens digit of h?
7
Suppose 0*w - w - 3*g + 8 = 0, -3*w - 3*g + 12 = 0. Let t(c) = 13*c**w - c + 18 - 18. What is the tens digit of t(1)?
1
Let d = 24 + -15. What is the tens digit of 713/d - 8/36?
7
Suppose 5*w - 9*w + 528 = 0. Let j = w - 92. What is the units digit of j?
0
Let d(g) = g**3 + 8*g**2 + 7*g + 3. Let v = 0 + -7. Let c be d(v). Suppose 4*i = 2*a, c*a - i - 7 = -2*i. What is the units digit of a?
2
Let r(f) = -89*f - 138. What is the hundreds digit of r(-8)?
5
Let w(a) = -85*a - 42. What is the tens digit of w(-6)?
6
Let x = -24 - -56. Suppose 8*o - 13*o + 265 = 0. Let y = o - x. What is the units digit of y?
1
Let a be -4 + 2*105/5. Let x be (-837)/(-171) - (-4)/a. What is the tens digit of (-9 + 4)*(-74)/x?
7
Let a = 141 + -77. Suppose -5*n + a = -v, -5*n = 5*v - 50 - 20. Let s = n - -52. What is the tens digit of s?
6
Let q(d) be the third derivative of 0*d - 1/8*d**4 + 1/60*d**5 + 0 - d**3 - 9*d**2. What is the units digit of q(5)?
4
Let i(x) = -26*x - 102. Let t be i(-10). Let q = 11 + t. What is the hundreds digit of q?
1
Suppose 0 = 5*q + 15 + 35. Let u = 33 - 30. What is the tens digit of (u - q/(-4))*40?
2
Let f be (-14)/6 - (-7)/21 - -542. Suppose 27*q - 32*q = -f. What is the units digit of q?
8
Suppose -p = -2*p + 25. Suppose p - 16 = 3*j. Suppose j*z = 33 + 96. What is the units digit of z?
3
What is the hundreds digit of ((-618)/8)/((-24)/64)?
2
Let d = -686 + 1368. What is the tens digit of d?
8
Let c = -591 - -875. Suppose -v + 187 = v + 3*k, 3*v - c = -k. What is the tens digit of v?
9
Let k(a) = -a**3 + a**2 - a + 11. Let p be 1 + (-3)/(-6)*4. Suppose 6*n - p*n = 0. What is the units digit of k(n)?
1
Let v(y) = -y + 1. Let t(g) = -5*g + 45. Let d(x) = t(x) - 4*v(x). What is the units digit of d(-13)?
4
Let t(w) = -7*w + 9. Let v be 0/(-1) - 16*1. Let m = -19 - v. What is the units digit of t(m)?
0
Let u(j) = j**2 + j - 2. Let o = -13 - -15. Let a be u(o). Suppose -4*f - 2*s = -14, -a*f - 5*s + 15 = -4*s. What is the units digit of f?
4
Let t be (-34)/102 - (-32)/6. Suppose -4*b + 3*s = -217, 0*b + 4*s = t*b - 272. What is the units digit of b?
2
Let q(z) = -13 + 2*z**3 - 4*z**3 - 1 + 11*z**2 + 2*z + z**3. Let n be q(11). Suppose -3*h + n = 2. What is the units digit of h?
2
Suppose 6*w - w = -l + 5, 2*l = -4*w + 4. Suppose -m + 7 = -8. Let u = m - l. What is the tens digit of u?
1
Suppose 0 = -3*r + 399 + 408. Let y = 73 + r. What is the tens digit of y?
4
Suppose 0 = -l - f - 4*f - 349, -2*f + 996 = -3*l. Let n be l/10 + 18/45. Let v = 52 + n. What is the units digit of v?
9
Let d(a) = 2*a**3 + a**2 - 2*a - 7. Let o be d(4). What is the units digit of (o - 4)*4/10?
0
Let r = 39 + -25. What is the units digit of 262/14 - (-4)/r?
9
Suppose -3*n - 3*i - 9 = 0, 4*n - 5*i - 23 = 10. Suppose 3*w = n*w + 2. What is the units digit of 333/36 - w/8?
9
Suppose 2*l = -k + 12, -2*k - 7 = -3*l - 3. Let w(y) be the third derivative of y**4/8 - 4*y**3/3 - y**2. What is the units digit of w(l)?
4
Suppose 0 = -10*s - 390 + 4220. What is the tens digit of s?
8
Let w = -2793 - -6860. What is the thousands digit of w?
4
Let k(q) = -3*q + 9. Let u be k(3). Let z(s) = s**2 + 8*s + 10. Let a be z(-7). Suppose g + a*t - 9 = u, -2*t - 1 = -t. What is the units digit of g?
2
Suppose -2*g + 4887 = -5*o, 7*o = 8*o + 3. What is the units digit of g?
6
Let w be 10/4 + 39/26. What is the tens digit of w + -2 + -4 - -30?
2
Suppose 7*p = 9*p - 32. Let y = p - 13. What is the units digit of (9 - y) + (-1 - -2)?
7
What is the tens digit of (-7 - 245/